{"id":2260,"date":"2020-02-17T21:55:45","date_gmt":"2020-02-17T21:55:45","guid":{"rendered":"http:\/\/comunicaredavvero.it\/?page_id=2260"},"modified":"2020-03-10T13:31:49","modified_gmt":"2020-03-10T13:31:49","slug":"visione","status":"publish","type":"page","link":"http:\/\/www.comunicaredavvero.it\/index.php\/visione\/","title":{"rendered":"Visione"},"content":{"rendered":"\n<figure class=\"wp-block-image size-large\"><img src=\"http:\/\/comunicaredavvero.it\/wp-content\/uploads\/2020\/02\/Visione-1-e1582027845776-1024x622.png\" alt=\"\" class=\"wp-image-2308\"\/><figcaption><br><\/figcaption><\/figure>\n\n\n\n<p><\/p>\n\n\n\n<h1 class=\"has-text-color\" style=\"color:#c02424\"><strong>1. Come funzioniamo<\/strong><\/h1>\n\n\n\n<p>Gli esseri umani sono sequenze di pensieri, che attivano emozioni,  che generano poi reazioni e comportamenti. Cio\u00e8 possiamo immaginare l\u2019essere umano come diviso in tre livelli:<\/p>\n\n\n\n<ul><li><strong>Il pensare<\/strong>: accade nella testa, nella mente razionale<\/li><li><strong>Il sentire<\/strong>: \u00e8 connesso al cuore (le emozioni) e alla pancia (l\u2019istinto) <\/li><li><strong>L\u2019agire<\/strong>: collegato a mani e gambe che ci servono a \u201cfare\u201d<\/li><\/ul>\n\n\n\n<div class=\"wp-block-group\"><div class=\"wp-block-group__inner-container\">\n<h2 id=\"wp-block-themeisle-blocks-advanced-heading-bf6e814a\" class=\"wp-block-themeisle-blocks-advanced-heading wp-block-themeisle-blocks-advanced-heading-bf6e814a\" style=\"color:#000000;font-style:normal;text-transform:none\">La cerniera fra il pensare e l\u2019agire, \u00e8 il sentire.<\/h2>\n<\/div><\/div>\n\n\n\n<p>Ognuno di noi entra in azione per realizzare qualcosa solo se \u201csente\u201d che quella cosa \u00e8 interessante, divertente, utile, di valore per lui o per gli altri. Il sentire \u00e8 la vera cinghia di trasmissione fra un pensiero e la sua realizzazione. Un peccato che nelle aziende questa verit\u00e0 sia completamente sconosciuta\u2026<\/p>\n\n\n\n<pre class=\"wp-block-preformatted\"><\/pre>\n\n\n\n<figure class=\"wp-block-gallery columns-1 is-cropped\"><ul class=\"blocks-gallery-grid\"><li class=\"blocks-gallery-item\"><figure><img src=\"http:\/\/comunicaredavvero.it\/wp-content\/uploads\/2020\/03\/mente-razionale-1024x576.jpg\" alt=\"\" data-id=\"2774\" data-full-url=\"http:\/\/comunicaredavvero.it\/wp-content\/uploads\/2020\/03\/mente-razionale.jpg\" data-link=\"http:\/\/comunicaredavvero.it\/index.php\/visione\/blue-digital-computer-brain-on-circuit-board-with-glows-and-flares\/\" class=\"wp-image-2774\"\/><\/figure><\/li><\/ul><\/figure>\n\n\n\n<h1 class=\"has-text-color\" style=\"color:#c02424\"><strong>2. Il problema<\/strong><\/h1>\n\n\n\n<p><strong>Nelle aziende si parla solo alla mente razionale delle persone (il pensare)<\/strong> e poi ci si aspetta che le persone entrino in azione e agiscano di conseguenza. E, quando questo non accade, ci si lamenta che le persone sono \u201cpoco motivate\u201d!<\/p>\n\n\n\n<p>Ma le azioni che ogni giorno dobbiamo compiere in azienda non passano solo per il pensare-capire, passano per il sentire- provare sensazioni, emozioni e stati d\u2019animo motivanti. <br> Naturalmente visioni, proposte, strategie vanno supportate  sempre da dati e razionalizzazioni. <\/p>\n\n\n\n<h2 id=\"wp-block-themeisle-blocks-advanced-heading-1871d502\" class=\"wp-block-themeisle-blocks-advanced-heading wp-block-themeisle-blocks-advanced-heading-1871d502\" style=\"color:#313131;font-style:normal;text-transform:none\">Ma la benzina dell\u2019azione \u00e8 sempre un\u2019emozione.<\/h2>\n\n\n\n<p>Purtroppo oggi nella comunicazione di business &#8211; presentazioni, riunioni, speech &#8211; <strong>l\u2019emozione \u00e8 la grande assente<\/strong>. <strong>Il \u201csentire\u201d \u00e8 completamente dimenticato. <\/strong><br> Per questo presentazioni e riunioni sono spesso cos\u00ec noiose e faticose. E i loro contenuti vengono cos\u00ec velocemente dimenticati. <br> Perch\u00e9 le aziende vivono solo nel regno del pensare (strategie, previsioni, valutazioni, misurazioni) ma non sanno come muoversi nel regno del sentire: cio\u00e8 non sanno come attivare emozioni motivanti nelle loro persone. Per questo implementare progetti, cambiamenti, strategie risulta spesso cos\u00ec difficoltoso.<\/p>\n\n\n\n<pre class=\"wp-block-preformatted\"><\/pre>\n\n\n\n<figure class=\"wp-block-gallery aligncenter columns-1 is-cropped\"><ul class=\"blocks-gallery-grid\"><li class=\"blocks-gallery-item\"><figure><img src=\"http:\/\/comunicaredavvero.it\/wp-content\/uploads\/2020\/03\/ritoccata-1024x582.jpg\" alt=\"\" data-id=\"2769\" data-full-url=\"http:\/\/comunicaredavvero.it\/wp-content\/uploads\/2020\/03\/ritoccata.jpg\" data-link=\"http:\/\/comunicaredavvero.it\/index.php\/visione\/creative-thinking\/\" class=\"wp-image-2769\"\/><\/figure><\/li><\/ul><\/figure>\n\n\n\n<h1 class=\"has-text-color\" style=\"color:#c02424\"><strong>3. La soluzione<\/strong><\/h1>\n\n\n\n<p>Quasi 30 anni di lavoro nelle aziende italiane ci hanno convinto che oggi il <strong>mondo del business ha bisogno di un know-how di comunicazione completamente nuovo:<\/strong> per poter parlare alle persone non solo usando il linguaggio della <strong>mente razionale<\/strong> che capisce informazioni, dati, concetti, parole &#8211; ma usando anche il linguaggio della <strong>mente emotiva<\/strong> che capisce immagini, metafore, racconti, simboli, storie.<\/p>\n\n\n\n<p>E\u2019 tempo di far entrare nelle aziende <strong>una \u201ctecnologia di comunicazione\u201d pi\u00f9 evoluta <\/strong>e pi\u00f9 allineata con i tempi di oggi, perch\u00e9 le persone chiedono sempre di pi\u00f9 ai loro leader non solo di \u201ccapire\u201d ma soprattutto di essere coinvolte ed ispirate.  Per immaginare un futuro desiderabile verso cui andare.  E per entrare in azione con pi\u00f9 energia e convinzione. Ed \u00e8 proprio questo ci\u00f2 che facciamo. <\/p>\n\n\n\n<p><strong>Aiutare manager e imprenditori ad accendere il desiderio dei loro team, <\/strong>parlando nel modo pi\u00f9 efficace sia alla mente razionale che alla mente emotiva delle persone. <\/p>\n\n\n\n<h2 id=\"wp-block-themeisle-blocks-advanced-heading-0d03db7c\" class=\"wp-block-themeisle-blocks-advanced-heading wp-block-themeisle-blocks-advanced-heading-0d03db7c\" style=\"color:#000000;font-style:normal;text-transform:none\">Il risultato \u00e8 una \u201ccomunicazione che mette in azione\u201d.<\/h2>\n\n\n\n<div style=\"height:50px\" aria-hidden=\"true\" class=\"wp-block-spacer\"><\/div>\n","protected":false},"excerpt":{"rendered":"<p>1. Come funzioniamo Gli esseri umani sono sequenze di pensieri, che attivano emozioni, che generano poi reazioni e comportamenti. Cio\u00e8 possiamo immaginare l\u2019essere umano come diviso in tre livelli: Il pensare: accade nella testa, nella mente razionale Il sentire: \u00e8 connesso al cuore (le emozioni) e alla pancia (l\u2019istinto) L\u2019agire: collegato a mani e gambe [&hellip;]<\/p>\n","protected":false},"author":1,"featured_media":0,"parent":0,"menu_order":0,"comment_status":"closed","ping_status":"closed","template":"","meta":[],"_links":{"self":[{"href":"http:\/\/www.comunicaredavvero.it\/index.php\/wp-json\/wp\/v2\/pages\/2260"}],"collection":[{"href":"http:\/\/www.comunicaredavvero.it\/index.php\/wp-json\/wp\/v2\/pages"}],"about":[{"href":"http:\/\/www.comunicaredavvero.it\/index.php\/wp-json\/wp\/v2\/types\/page"}],"author":[{"embeddable":true,"href":"http:\/\/www.comunicaredavvero.it\/index.php\/wp-json\/wp\/v2\/users\/1"}],"replies":[{"embeddable":true,"href":"http:\/\/www.comunicaredavvero.it\/index.php\/wp-json\/wp\/v2\/comments?post=2260"}],"version-history":[{"count":58,"href":"http:\/\/www.comunicaredavvero.it\/index.php\/wp-json\/wp\/v2\/pages\/2260\/revisions"}],"predecessor-version":[{"id":2795,"href":"http:\/\/www.comunicaredavvero.it\/index.php\/wp-json\/wp\/v2\/pages\/2260\/revisions\/2795"}],"wp:attachment":[{"href":"http:\/\/www.comunicaredavvero.it\/index.php\/wp-json\/wp\/v2\/media?parent=2260"}],"curies":[{"name":"wp","href":"https:\/\/api.w.org\/{rel}","templated":true}]}}

<figure class="wp-block-image size-large"><img src="http://comunicaredavvero.it/wp-content/uploads/2020/02/Visione-1-e1582027845776-1024x622.png" alt="" class="wp-image-2308"/><figcaption><br></figcaption></figure>



<p></p>



<h1 class="has-text-color" style="color:#c02424"><strong>1. Come funzioniamo</strong></h1>



<p>Gli esseri umani sono sequenze di pensieri, che attivano emozioni,  che generano poi reazioni e comportamenti. Cioè possiamo immaginare l’essere umano come diviso in tre livelli:</p>



<ul><li><strong>Il pensare</strong>: accade nella testa, nella mente razionale</li><li><strong>Il sentire</strong>: è connesso al cuore (le emozioni) e alla pancia (l’istinto) </li><li><strong>L’agire</strong>: collegato a mani e gambe che ci servono a “fare”</li></ul>



<div class="wp-block-group"><div class="wp-block-group__inner-container">
<h2 id="wp-block-themeisle-blocks-advanced-heading-bf6e814a" class="wp-block-themeisle-blocks-advanced-heading wp-block-themeisle-blocks-advanced-heading-bf6e814a" style="color:#000000;font-style:normal;text-transform:none">La cerniera fra il pensare e l’agire, è il sentire.</h2>
</div></div>



<p>Ognuno di noi entra in azione per realizzare qualcosa solo se “sente” che quella cosa è interessante, divertente, utile, di valore per lui o per gli altri. Il sentire è la vera cinghia di trasmissione fra un pensiero e la sua realizzazione. Un peccato che nelle aziende questa verità sia completamente sconosciuta…</p>



<pre class="wp-block-preformatted"></pre>



<figure class="wp-block-gallery columns-1 is-cropped"><ul class="blocks-gallery-grid"><li class="blocks-gallery-item"><figure><img src="http://comunicaredavvero.it/wp-content/uploads/2020/03/mente-razionale-1024x576.jpg" alt="" data-id="2774" data-full-url="http://comunicaredavvero.it/wp-content/uploads/2020/03/mente-razionale.jpg" data-link="http://comunicaredavvero.it/index.php/visione/blue-digital-computer-brain-on-circuit-board-with-glows-and-flares/" class="wp-image-2774"/></figure></li></ul></figure>



<h1 class="has-text-color" style="color:#c02424"><strong>2. Il problema</strong></h1>



<p><strong>Nelle aziende si parla solo alla mente razionale delle persone (il pensare)</strong> e poi ci si aspetta che le persone entrino in azione e agiscano di conseguenza. E, quando questo non accade, ci si lamenta che le persone sono “poco motivate”!</p>



<p>Ma le azioni che ogni giorno dobbiamo compiere in azienda non passano solo per il pensare-capire, passano per il sentire- provare sensazioni, emozioni e stati d’animo motivanti. <br> Naturalmente visioni, proposte, strategie vanno supportate  sempre da dati e razionalizzazioni. </p>



<h2 id="wp-block-themeisle-blocks-advanced-heading-1871d502" class="wp-block-themeisle-blocks-advanced-heading wp-block-themeisle-blocks-advanced-heading-1871d502" style="color:#313131;font-style:normal;text-transform:none">Ma la benzina dell’azione è sempre un’emozione.</h2>



<p>Purtroppo oggi nella comunicazione di business &#8211; presentazioni, riunioni, speech &#8211; <strong>l’emozione è la grande assente</strong>. <strong>Il “sentire” è completamente dimenticato. </strong><br> Per questo presentazioni e riunioni sono spesso così noiose e faticose. E i loro contenuti vengono così velocemente dimenticati. <br> Perché le aziende vivono solo nel regno del pensare (strategie, previsioni, valutazioni, misurazioni) ma non sanno come muoversi nel regno del sentire: cioè non sanno come attivare emozioni motivanti nelle loro persone. Per questo implementare progetti, cambiamenti, strategie risulta spesso così difficoltoso.</p>



<pre class="wp-block-preformatted"></pre>



<figure class="wp-block-gallery aligncenter columns-1 is-cropped"><ul class="blocks-gallery-grid"><li class="blocks-gallery-item"><figure><img src="http://comunicaredavvero.it/wp-content/uploads/2020/03/ritoccata-1024x582.jpg" alt="" data-id="2769" data-full-url="http://comunicaredavvero.it/wp-content/uploads/2020/03/ritoccata.jpg" data-link="http://comunicaredavvero.it/index.php/visione/creative-thinking/" class="wp-image-2769"/></figure></li></ul></figure>



<h1 class="has-text-color" style="color:#c02424"><strong>3. La soluzione</strong></h1>



<p>Quasi 30 anni di lavoro nelle aziende italiane ci hanno convinto che oggi il <strong>mondo del business ha bisogno di un know-how di comunicazione completamente nuovo:</strong> per poter parlare alle persone non solo usando il linguaggio della <strong>mente razionale</strong> che capisce informazioni, dati, concetti, parole &#8211; ma usando anche il linguaggio della <strong>mente emotiva</strong> che capisce immagini, metafore, racconti, simboli, storie.</p>



<p>E’ tempo di far entrare nelle aziende <strong>una “tecnologia di comunicazione” più evoluta </strong>e più allineata con i tempi di oggi, perché le persone chiedono sempre di più ai loro leader non solo di “capire” ma soprattutto di essere coinvolte ed ispirate.  Per immaginare un futuro desiderabile verso cui andare.  E per entrare in azione con più energia e convinzione. Ed è proprio questo ciò che facciamo. </p>



<p><strong>Aiutare manager e imprenditori ad accendere il desiderio dei loro team, </strong>parlando nel modo più efficace sia alla mente razionale che alla mente emotiva delle persone. </p>



<h2 id="wp-block-themeisle-blocks-advanced-heading-0d03db7c" class="wp-block-themeisle-blocks-advanced-heading wp-block-themeisle-blocks-advanced-heading-0d03db7c" style="color:#000000;font-style:normal;text-transform:none">Il risultato è una “comunicazione che mette in azione”.</h2>



<div style="height:50px" aria-hidden="true" class="wp-block-spacer"></div>

<p>1. Come funzioniamo Gli esseri umani sono sequenze di pensieri, che attivano emozioni, che generano poi reazioni e comportamenti. Cioè possiamo immaginare l’essere umano come diviso in tre livelli: Il pensare: accade nella testa, nella mente razionale Il sentire: è connesso al cuore (le emozioni) e alla pancia (l’istinto) L’agire: collegato a mani e gambe [&hellip;]</p>
