{"id":2173,"date":"2020-02-17T17:37:57","date_gmt":"2020-02-17T17:37:57","guid":{"rendered":"http:\/\/comunicaredavvero.it\/?page_id=2173"},"modified":"2020-03-10T13:39:18","modified_gmt":"2020-03-10T13:39:18","slug":"leadership-carismatica","status":"publish","type":"page","link":"https:\/\/www.comunicaredavvero.it\/index.php\/leadership-carismatica\/","title":{"rendered":"Leadership-carismatica"},"content":{"rendered":"\n<figure class=\"wp-block-image alignwide size-large\"><img src=\"http:\/\/comunicaredavvero.it\/wp-content\/uploads\/2020\/02\/1-1024x665.png\" alt=\"\" class=\"wp-image-2511\"\/><figcaption><br><\/figcaption><\/figure>\n\n\n\n<h1 class=\"has-text-color\" style=\"color:#c02424\"><strong>1. Sviluppare una leadership pi\u00f9 carismatica<\/strong><\/h1>\n\n\n\n<p><\/p>\n\n\n\n<p><strong>La comunicazione \u00e8 una leva fondamentale della leadership.<\/strong>  Agire una comunicazione pi\u00f9 carismatica e \u201crisonante\u201d aiuta i leader di ogni livello ad avere pi\u00f9 impatto sull\u2019azienda, sui team, sugli obiettivi da raggiungere. <\/p>\n\n\n\n<p>Questo programma aiuta i manager a esporre i loro contenuti dando nuova chiarezza e <strong>forza emotiva alle informazioni, idee, visioni proposte. <\/strong>Offrendo strumenti di consapevolezza su come funziona la mente coscia e inconscia del pubblico. Su come strutturare e <strong>valorizzare al meglio i contenuti, sull\u2019uso del linguaggio e delle parole pi\u00f9 efficaci, sulle chiavi di \u201cracconto\u201d <\/strong>e d\u2019interazione con il pubblico, per trasformare una presentazione in una vera esperienza per tutti coloro che ne prendono parte.<\/p>\n\n\n\n<div style=\"height:20px\" aria-hidden=\"true\" class=\"wp-block-spacer\"><\/div>\n\n\n\n<div class=\"wp-block-button\"><a class=\"wp-block-button__link has-background\" href=\"http:\/\/comunicaredavvero.it\/index.php\/strategie\/\" style=\"background-color:#d84a05;border-radius:4px\">2. Comunicare le strategie, guidare il cambiamento<\/a><\/div>\n\n\n\n<div style=\"height:70px\" aria-hidden=\"true\" class=\"wp-block-spacer\"><\/div>\n","protected":false},"excerpt":{"rendered":"<p>1. Sviluppare una leadership pi\u00f9 carismatica La comunicazione \u00e8 una leva fondamentale della leadership. Agire una comunicazione pi\u00f9 carismatica e \u201crisonante\u201d aiuta i leader di ogni livello ad avere pi\u00f9 impatto sull\u2019azienda, sui team, sugli obiettivi da raggiungere. Questo programma aiuta i manager a esporre i loro contenuti dando nuova chiarezza e forza emotiva alle [&hellip;]<\/p>\n","protected":false},"author":1,"featured_media":0,"parent":0,"menu_order":0,"comment_status":"closed","ping_status":"closed","template":"","meta":[],"_links":{"self":[{"href":"https:\/\/www.comunicaredavvero.it\/index.php\/wp-json\/wp\/v2\/pages\/2173"}],"collection":[{"href":"https:\/\/www.comunicaredavvero.it\/index.php\/wp-json\/wp\/v2\/pages"}],"about":[{"href":"https:\/\/www.comunicaredavvero.it\/index.php\/wp-json\/wp\/v2\/types\/page"}],"author":[{"embeddable":true,"href":"https:\/\/www.comunicaredavvero.it\/index.php\/wp-json\/wp\/v2\/users\/1"}],"replies":[{"embeddable":true,"href":"https:\/\/www.comunicaredavvero.it\/index.php\/wp-json\/wp\/v2\/comments?post=2173"}],"version-history":[{"count":33,"href":"https:\/\/www.comunicaredavvero.it\/index.php\/wp-json\/wp\/v2\/pages\/2173\/revisions"}],"predecessor-version":[{"id":2803,"href":"https:\/\/www.comunicaredavvero.it\/index.php\/wp-json\/wp\/v2\/pages\/2173\/revisions\/2803"}],"wp:attachment":[{"href":"https:\/\/www.comunicaredavvero.it\/index.php\/wp-json\/wp\/v2\/media?parent=2173"}],"curies":[{"name":"wp","href":"https:\/\/api.w.org\/{rel}","templated":true}]}}